t common divisor of 549 and 99.
9
What is the greatest common divisor of 172 and 4?
4
Calculate the highest common factor of 156 and 572.
52
Calculate the greatest common factor of 7 and 3269.
7
Calculate the greatest common divisor of 11 and 3300.
11
What is the highest common factor of 6 and 384?
6
What is the highest common factor of 65 and 26?
13
What is the highest common divisor of 2985 and 135?
15
What is the greatest common factor of 100 and 125?
25
Calculate the greatest common divisor of 13091 and 26.
13
Calculate the highest common factor of 15004 and 31.
31
What is the greatest common factor of 380 and 100?
20
What is the greatest common divisor of 44 and 12?
4
Calculate the highest common divisor of 507 and 273.
39
Calculate the highest common factor of 7895 and 5.
5
What is the highest common factor of 119434 and 266?
266
Calculate the highest common factor of 11 and 440.
11
What is the greatest common factor of 524 and 4?
4
What is the greatest common factor of 12 and 492?
12
What is the highest common factor of 122 and 2074?
122
What is the greatest common divisor of 92 and 207?
23
Calculate the highest common divisor of 85 and 85.
85
Calculate the greatest common divisor of 143 and 22.
11
Calculate the highest common divisor of 69 and 6.
3
What is the greatest common factor of 288 and 8544?
96
Calculate the highest common divisor of 1470 and 150.
30
Calculate the greatest common divisor of 112 and 344.
8
Calculate the highest common divisor of 29698 and 62.
62
What is the greatest common factor of 1380 and 11316?
276
Calculate the highest common divisor of 126 and 14427.
63
What is the highest common factor of 36 and 27?
9
Calculate the highest common factor of 56 and 49.
7
Calculate the highest common factor of 712 and 8.
8
What is the greatest common factor of 253 and 69?
23
Calculate the greatest common divisor of 414 and 92.
46
What is the highest common factor of 2581 and 890?
89
Calculate the highest common divisor of 520 and 1105.
65
Calculate the highest common divisor of 528 and 8.
8
What is the greatest common factor of 225 and 125?
25
Calculate the greatest common divisor of 27 and 792.
9
Calculate the highest common factor of 12324 and 48.
12
Calculate the highest common factor of 78 and 273.
39
Calculate the greatest common factor of 12543 and 111.
111
Calculate the highest common factor of 340 and 10370.
170
Calculate the highest common factor of 22 and 5588.
22
Calculate the greatest common divisor of 893 and 19.
19
What is the greatest common divisor of 5960 and 40?
40
Calculate the highest common divisor of 115 and 6095.
115
Calculate the greatest common divisor of 12 and 604.
4
Calculate the highest common divisor of 7376 and 160.
16
What is the highest common factor of 1498 and 42?
14
What is the greatest common divisor of 496 and 62?
62
Calculate the highest common divisor of 10 and 55.
5
What is the greatest common factor of 17 and 272?
17
Calculate the greatest common factor of 32 and 5584.
16
Calculate the highest common factor of 8 and 72.
8
What is the greatest common divisor of 105519 and 51?
51
Calculate the greatest common divisor of 11 and 1804.
11
Calculate the greatest common divisor of 72 and 198.
18
Calculate the greatest common divisor of 1111 and 606.
101
Calculate the greatest common divisor of 230 and 20.
10
Calculate the highest common divisor of 58 and 232.
58
What is the highest common divisor of 3880 and 40?
40
Calculate the highest common factor of 67354 and 238.
238
Calculate the greatest common factor of 376 and 47.
47
What is the highest common divisor of 2214 and 54?
54
What is the highest common factor of 192 and 832?
64
Calculate the highest common factor of 20 and 36.
4
Calculate the highest common divisor of 11056 and 48.
16
What is the greatest common divisor of 420 and 11900?
140
What is the highest common divisor of 5112 and 72?
72
What is the highest common divisor of 510 and 34425?
255
What is the highest common factor of 11607 and 1095?
219
Calculate the highest common divisor of 980 and 700.
140
Calculate the highest common factor of 136 and 578.
34
What is the highest common factor of 20 and 23090?
10
Calculate the greatest common factor of 12112 and 32.
16
Calculate the highest common divisor of 705 and 30.
15
What is the greatest common divisor of 111 and 11433?
111
Calculate the highest common divisor of 264 and 242.
22
What is the highest common factor of 23480 and 10?
10
Calculate the highest common divisor of 26 and 2782.
26
What is the highest common divisor of 45069 and 181?
181
What is the greatest common divisor of 65 and 11011?
13
Calculate the greatest common divisor of 89 and 979.
89
What is the highest common divisor of 93 and 713?
31
Calculate the highest common divisor of 1827 and 63.
63
What is the greatest common divisor of 128 and 2144?
32
Calculate the greatest common divisor of 12176 and 16.
16
Calculate the greatest common divisor of 97 and 873.
97
What is the greatest common factor of 918 and 1275?
51
What is the greatest common divisor of 173 and 49651?
173
Calculate the highest common divisor of 39 and 1950.
39
What is the highest common divisor of 96 and 1888?
32
Calculate the greatest common divisor of 1750 and 14.
14
What is the highest common factor of 42 and 49?
7
What is the greatest common divisor of 6847 and 41?
41
What is the greatest common divisor of 149 and 91337?
149
Calculate the greatest common factor of 48 and 129.
3
Calculate the greatest common divisor of 5 and 1.
1
What is the highest common divisor of 30 and 45?
15
Calculate the greatest common factor of 198 and 264.
66
Calculate the greatest common factor of 68 and 1598.
34
What is the greatest common divisor of 1323 and 693?
63
Calculate the highest common factor of 616 and 42.
14
Calculate the greatest common factor of 8025 and 150.
75
Calculate the greatest common factor of 6 and 2718.
6
What is the greatest common divisor of 4 and 339?
1
Calculate the highest common divisor of 270 and 180.
90
Calculate the greatest common divisor of 1183 and 49.
7
Calculate the greatest common divisor of 30 and 24.
6
What is the highest common divisor of 70 and 270?
10
Calculate the greatest common factor of 1452 and 1056.
132
Calculate the greatest common divisor of 125 and 25.
25
What is the highest common factor of 118 and 413?
59
Calculate the greatest common divisor of 41 and 943.
41
What is the greatest common divisor of 144 and 12?
12
Calculate the highest common divisor of 84 and 105.
21
What is the highest common factor of 100 and 1300?
100
What is the greatest common factor of 40 and 648?
8
What is the greatest common factor of 6771 and 111?
111
Calculate the greatest common divisor of 917 and 10611.
131
Calculate the highest common factor of 10 and 7.
1
Calculate the greatest common divisor of 10 and 145.
5
Calculate the highest common divisor of 80 and 38320.
80
Calculate the highest common divisor of 385 and 140.
35
What is the highest common divisor of 63 and 7?
7
What is the highest common factor of 24 and 48?
24
What is the highest common divisor of 253 and 11?
11
What is the greatest common divisor of 72 and 9?
9
What is the highest common factor of 44 and 374?
22
What is the highest common factor of 6 and 10?
2
What is the highest common divisor of 490 and 10?
10
What is the greatest common divisor of 10200 and 17?
17
Calculate the highest common factor of 1320 and 15.
15
What is the greatest common factor of 55 and 125?
5
Calculate the highest common divisor of 1 and 181.
1
Calculate the highest common divisor of 72 and 5166.
18
Calculate the greatest common factor of 5192 and 1672.
88
Calculate the greatest common divisor of 348 and 12.
12
What is the greatest common factor of 3552 and 1?
1
What is the highest common divisor of 340 and 20?
20
What is the greatest common factor of 5 and 35?
5
What is the highest common factor of 1220 and 980?
20
Calculate the highest common divisor of 150 and 3450.
150
Calculate the highest common factor of 351 and 999.
27
What is the greatest common factor of 5 and 1090?
5
What is the greatest common divisor of 21 and 25767?
21
What is the highest common divisor of 54 and 178?
2
What is the highest common divisor of 11 and 173?
1